common factor of 120 and 16260.
60
What is the highest common divisor of 1068 and 12?
12
Calculate the highest common divisor of 56 and 756.
28
Calculate the greatest common factor of 30 and 3984.
6
Calculate the highest common divisor of 27 and 1269.
27
What is the highest common factor of 95 and 19?
19
Calculate the greatest common factor of 35 and 56.
7
What is the greatest common factor of 1314 and 36?
18
Calculate the greatest common factor of 102 and 187.
17
Calculate the highest common factor of 195 and 520.
65
What is the greatest common factor of 9485 and 70?
35
Calculate the greatest common divisor of 765 and 153.
153
What is the greatest common factor of 1441 and 11?
11
Calculate the highest common divisor of 19124 and 56.
28
What is the highest common divisor of 65 and 4160?
65
Calculate the greatest common divisor of 133 and 66766.
133
What is the highest common factor of 50 and 650?
50
Calculate the highest common divisor of 95 and 57.
19
What is the highest common divisor of 36 and 24?
12
What is the greatest common divisor of 84 and 105?
21
Calculate the greatest common divisor of 200 and 1864.
8
Calculate the highest common factor of 13 and 871.
13
Calculate the highest common factor of 105 and 7.
7
What is the highest common factor of 371 and 63?
7
Calculate the highest common divisor of 28 and 448.
28
What is the highest common factor of 56 and 224?
56
What is the greatest common divisor of 550 and 20?
10
What is the highest common factor of 62 and 2201?
31
Calculate the highest common factor of 18 and 336.
6
Calculate the highest common divisor of 13 and 403.
13
Calculate the highest common factor of 490 and 350.
70
Calculate the highest common factor of 134 and 10385.
67
Calculate the highest common factor of 4484 and 19.
19
Calculate the greatest common divisor of 1649 and 97.
97
What is the highest common divisor of 680 and 3315?
85
What is the highest common factor of 3075 and 123?
123
What is the greatest common factor of 96 and 42?
6
Calculate the greatest common divisor of 1088 and 34.
34
Calculate the highest common factor of 87 and 33.
3
What is the greatest common divisor of 812 and 1566?
58
What is the highest common factor of 78575 and 175?
175
Calculate the highest common factor of 9 and 981.
9
Calculate the greatest common divisor of 2628 and 4088.
292
What is the highest common factor of 67 and 20502?
67
What is the greatest common divisor of 9 and 2?
1
Calculate the greatest common factor of 753 and 3.
3
What is the greatest common factor of 260 and 20?
20
Calculate the greatest common divisor of 576 and 9.
9
What is the highest common factor of 75580 and 20?
20
What is the highest common factor of 60 and 615?
15
Calculate the highest common divisor of 7416 and 126.
18
Calculate the greatest common factor of 200 and 1700.
100
What is the highest common divisor of 9794 and 166?
166
What is the greatest common factor of 13 and 2210?
13
Calculate the highest common factor of 60 and 7160.
20
Calculate the highest common factor of 45 and 9.
9
What is the greatest common factor of 279 and 288?
9
What is the highest common divisor of 147 and 1092?
21
What is the greatest common factor of 1 and 333?
1
Calculate the greatest common factor of 6 and 87.
3
Calculate the greatest common factor of 1058 and 46.
46
What is the greatest common factor of 330 and 1155?
165
Calculate the highest common divisor of 5 and 83.
1
What is the highest common divisor of 14 and 56?
14
Calculate the highest common factor of 35 and 7.
7
Calculate the greatest common factor of 480 and 1815.
15
Calculate the highest common factor of 4947 and 51.
51
What is the greatest common divisor of 216 and 408?
24
Calculate the highest common factor of 8 and 1100.
4
Calculate the highest common factor of 2786 and 70.
14
What is the highest common divisor of 66 and 42?
6
What is the greatest common divisor of 116 and 2668?
116
What is the greatest common factor of 671 and 244?
61
What is the highest common divisor of 7987 and 163?
163
Calculate the greatest common divisor of 2196 and 36.
36
Calculate the greatest common divisor of 11749 and 93.
31
What is the highest common divisor of 55245 and 29?
29
Calculate the greatest common divisor of 174 and 9483.
87
Calculate the highest common factor of 144 and 16.
16
What is the highest common factor of 161 and 35?
7
What is the highest common factor of 12 and 648?
12
What is the highest common factor of 39 and 611?
13
Calculate the greatest common divisor of 8 and 276.
4
Calculate the highest common factor of 130 and 104.
26
Calculate the greatest common factor of 17 and 459.
17
Calculate the greatest common factor of 65 and 39.
13
What is the highest common divisor of 28 and 2926?
14
Calculate the highest common factor of 39 and 221.
13
Calculate the greatest common factor of 217 and 372.
31
Calculate the greatest common factor of 21 and 42.
21
What is the highest common factor of 209 and 198?
11
What is the greatest common divisor of 38 and 5624?
38
Calculate the highest common factor of 64 and 904.
8
Calculate the highest common factor of 41 and 328.
41
What is the greatest common divisor of 1241 and 408?
17
What is the greatest common factor of 3817 and 11?
11
What is the greatest common divisor of 302 and 14?
2
What is the greatest common factor of 154 and 902?
22
What is the highest common factor of 2460 and 369?
123
What is the greatest common divisor of 134472 and 156?
156
Calculate the highest common divisor of 128 and 64.
64
Calculate the greatest common divisor of 21 and 133.
7
Calculate the greatest common divisor of 92 and 69.
23
Calculate the highest common factor of 295 and 2596.
59
Calculate the greatest common divisor of 12 and 2180.
4
Calculate the highest common divisor of 2829 and 984.
123
Calculate the greatest common factor of 495 and 2420.
55
Calculate the greatest common divisor of 47 and 1081.
47
What is the greatest common factor of 98 and 49?
49
What is the highest common divisor of 216 and 27?
27
Calculate the greatest common factor of 450 and 1665.
45
What is the highest common factor of 56 and 1064?
56
Calculate the highest common divisor of 5 and 100.
5
Calculate the greatest common factor of 416 and 728.
104
Calculate the highest common factor of 238 and 9401.
119
Calculate the highest common factor of 66 and 1254.
66
What is the highest common factor of 9 and 3?
3
Calculate the highest common divisor of 1798 and 58.
58
Calculate the greatest common factor of 28 and 14273.
7
What is the highest common divisor of 380 and 20?
20
Calculate the highest common factor of 16 and 80.
16
Calculate the greatest common divisor of 451 and 88.
11
What is the highest common divisor of 69 and 161?
23
Calculate the highest common divisor of 13 and 128804.
13
What is the greatest common factor of 1387 and 76?
19
Calculate the highest common factor of 175 and 161.
7
Calculate the highest common divisor of 1628 and 444.
148
Calculate the greatest common factor of 65 and 208.
13
What is the greatest common divisor of 76 and 340?
4
What is the greatest common divisor of 38 and 38494?
38
What is the greatest common divisor of 68 and 34?
34
What is the greatest common divisor of 16 and 1?
1
What is the highest common divisor of 225 and 15?
15
Calculate the greatest common divisor of 18 and 54.
18
Calculate the greatest common factor of 352 and 37136.
176
Calculate the greatest common factor of 5 and 83.
1
Calculate the highest common factor of 136 and 10608.
136
What is the highest common divisor of 1825 and 50?
25
Calculate the greatest common divisor of 104 and 16.
8
Calculate the highest common divisor of 1530 and 1734.
102
What is the highest common divisor of 24 and 48?
24
What is the greatest common factor of 15743 and 91?
91
What is the greatest common factor of 30 and 1210?
10
Calculate the greatest common factor of 75 and 2595.
15
Calculate the greatest common factor of 122 and 1403.
61
What is the greatest common factor of 190 and 5966?
38
Calculate the greatest common factor of 1672 and 19.
19
What is the greatest common factor of 1281 and 21?
21
Calculate the greatest common factor of 1 and 41.
1
Calculate the highest common divisor of 65 and 1053.
13
What is the greatest common div